?
41
What is the remainder when 748461 is divided by 204?
189
What is the remainder when 36849028 is divided by 139?
128
What is the remainder when 583813 is divided by 77?
76
What is the remainder when 32374 is divided by 6335?
699
What is the remainder when 1428742 is divided by 868?
14
What is the remainder when 724595 is divided by 275?
245
Calculate the remainder when 3518464 is divided by 202.
28
What is the remainder when 16954 is divided by 1305?
1294
What is the remainder when 42825991 is divided by 42825892?
99
Calculate the remainder when 3766274 is divided by 307.
305
What is the remainder when 59818 is divided by 59689?
129
What is the remainder when 129592390 is divided by 2078?
2076
Calculate the remainder when 24855 is divided by 1278.
573
Calculate the remainder when 123822 is divided by 17609.
559
What is the remainder when 181233 is divided by 90539?
155
Calculate the remainder when 8269561 is divided by 14.
13
What is the remainder when 19621 is divided by 17962?
1659
Calculate the remainder when 9226825 is divided by 55250.
75
What is the remainder when 84483 is divided by 21109?
47
What is the remainder when 256201 is divided by 3326?
99
What is the remainder when 467435 is divided by 980?
955
Calculate the remainder when 189230 is divided by 1802.
20
What is the remainder when 19233173 is divided by 575?
573
What is the remainder when 248731 is divided by 953?
951
Calculate the remainder when 98542 is divided by 1894.
54
What is the remainder when 2977086 is divided by 1015?
91
Calculate the remainder when 19035308 is divided by 48.
44
What is the remainder when 83401082 is divided by 1089?
17
What is the remainder when 142451 is divided by 8239?
2388
What is the remainder when 604799 is divided by 43182?
251
What is the remainder when 2110982 is divided by 489?
458
What is the remainder when 49093821 is divided by 167?
163
What is the remainder when 65136 is divided by 8739?
3963
Calculate the remainder when 41772935 is divided by 773.
15
Calculate the remainder when 1244689 is divided by 95744.
17
Calculate the remainder when 1970191 is divided by 3940.
191
Calculate the remainder when 61819663 is divided by 240.
223
What is the remainder when 2518703 is divided by 104?
31
Calculate the remainder when 206861 is divided by 2405.
31
Calculate the remainder when 363013 is divided by 59.
45
Calculate the remainder when 186187 is divided by 1629.
481
Calculate the remainder when 69426 is divided by 4308.
498
What is the remainder when 27229463 is divided by 149?
11
Calculate the remainder when 2742535 is divided by 511.
509
What is the remainder when 107006353 is divided by 53503174?
5
Calculate the remainder when 15352692 is divided by 306.
60
Calculate the remainder when 65667 is divided by 32420.
827
Calculate the remainder when 14688399 is divided by 1121.
1057
Calculate the remainder when 1373405 is divided by 177.
62
Calculate the remainder when 205833 is divided by 102866.
101
Calculate the remainder when 408727 is divided by 5523.
25
What is the remainder when 783407 is divided by 87042?
29
Calculate the remainder when 117581 is divided by 5049.
1454
Calculate the remainder when 95439048 is divided by 3076.
3072
Calculate the remainder when 3630483 is divided by 201693.
9
What is the remainder when 1303056 is divided by 5275?
131
Calculate the remainder when 1528116 is divided by 612.
564
What is the remainder when 19352 is divided by 5361?
3269
What is the remainder when 59421868 is divided by 399?
394
What is the remainder when 135737 is divided by 1317?
86
What is the remainder when 978912 is divided by 57577?
103
Calculate the remainder when 1449176 is divided by 1455.
1451
Calculate the remainder when 27970 is divided by 773.
142
What is the remainder when 1454511 is divided by 376?
143
What is the remainder when 120391003 is divided by 443?
437
Calculate the remainder when 76247587 is divided by 4820.
7
What is the remainder when 13171448 is divided by 57?
2
Calculate the remainder when 240267 is divided by 59893.
695
What is the remainder when 2162061 is divided by 165?
66
What is the remainder when 412995038 is divided by 67?
3
Calculate the remainder when 23255414 is divided by 23255413.
1
Calculate the remainder when 5953 is divided by 436.
285
Calculate the remainder when 1266376 is divided by 106.
100
What is the remainder when 10947544 is divided by 182?
62
Calculate the remainder when 2744490 is divided by 26645.
55
What is the remainder when 19618 is divided by 9362?
894
What is the remainder when 4063718 is divided by 1182?
2
What is the remainder when 1308447 is divided by 793?
790
Calculate the remainder when 27708079 is divided by 1979147.
21
Calculate the remainder when 21807206 is divided by 2831.
13
What is the remainder when 375665 is divided by 93893?
93
What is the remainder when 6511 is divided by 2846?
819
What is the remainder when 1363001 is divided by 3042?
185
What is the remainder when 15836453 is divided by 15836453?
0
Calculate the remainder when 666626 is divided by 30229.
1588
What is the remainder when 53593959 is divided by 554?
553
Calculate the remainder when 8699506 is divided by 83.
27
What is the remainder when 970979 is divided by 179?
83
Calculate the remainder when 9451852 is divided by 896.
844
Calculate the remainder when 19621 is divided by 1866.
961
Calculate the remainder when 264395 is divided by 1705.
120
What is the remainder when 127261 is divided by 55?
46
What is the remainder when 975245 is divided by 24379?
85
Calculate the remainder when 117930 is divided by 1179.
30
What is the remainder when 8419681 is divided by 1000?
681
Calculate the remainder when 15269029 is divided by 21.
13
Calculate the remainder when 2532221 is divided by 1134.
1133
Calculate the remainder when 4800837 is divided by 724.
717
Calculate the remainder when 1162509 is divided by 166070.
19
What is the remainder when 180154 is divided by 16?
10
What is the remainder when 3916529 is divided by 93249?
71
What is the remainder when 5056 is divided by 4564?
492
What is the remainder when 2347239 is divided by 678?
3
Calculate the remainder when 811091 is divided by 7053.
7049
Calculate the remainder when 286439404 is divided by 226.
224
Calculate the remainder when 344718 is divided by 2739.
2343
Calculate the remainder when 19270351 is divided by 1928.
1919
What is the remainder when 41170 is divided by 617?
448
What is the remainder when 3294981 is divided by 99847?
30
Calculate the remainder when 9544 is divided by 3319.
2906
What is the remainder when 96271 is divided by 4581?
70
Calculate the remainder when 1006786 is divided by 13.
1
What is the remainder when 35035 is divided by 33049?
1986
Calculate the remainder when 1009782 is divided by 542.
36
Calculate the remainder when 52499 is divided by 26233.
33
Calculate the remainder when 17352115 is divided by 4337992.
147
What is the remainder when 29527273 is divided by 1914?
1909
What is the remainder when 2136664 is divided by 427327?
29
Calculate the remainder when 186109641 is divided by 375221.
25
What is the remainder when 168220539 is divided by 1514?
1513
Calculate the remainder when 2286291523 is divided by 12034.
12033
Calculate the remainder when 2351 is divided by 1515.
836
Calculate the remainder when 1246377 is divided by 1631.
293
Calculate the remainder when 2942340 is divided by 77430.
0
Calculate the remainder when 8936074 is divided by 16277.
1
What is the remainder when 17640558 is divided by 1190?
1188
What is the remainder when 10196022 is divided by 18?
12
What is the remainder when 34535300 is divided by 261631?
8
What is the remainder when 11131114 is divided by 21?
1
What is the remainder when 3100055 is divided by 41?
4
Calculate the remainder when 430805448 is divided by 11.
7
What is the remainder when 25089954 is divided by 1506?
1500
Calculate the remainder when 5502887 is divided by 276.
275
Calculate the remainder when 285884 is divided by 7333.
7230
Calculate the remainder when 52967 is divided by 4784.
343
Calculate the remainder when 42609949 is divided by 616.
613
Calculate the remainder when 75146 is divided by 522.
500
What is the remainder when 5631217 is divided by 365?
362
What is the r